e 152774?
False
Does 82 divide 300?
False
Is 52 a multiple of 52?
True
Does 9 divide 64?
False
Is 124 a factor of 11408?
True
Is 162 a multiple of 12?
False
Does 24 divide 103661?
False
Is 21 a factor of 2142?
True
Is 2 a factor of 130?
True
Is 13 a factor of 4251?
True
Does 14 divide 3347?
False
Is 23 a factor of 750?
False
Is 8 a factor of 2840?
True
Does 29 divide 3480?
True
Is 90 a multiple of 15?
True
Is 991 a multiple of 55?
False
Does 8 divide 2608?
True
Does 29 divide 8549?
False
Does 22 divide 748?
True
Is 11 a factor of 67782?
True
Is 8992 a multiple of 32?
True
Is 4941 a multiple of 61?
True
Is 230 a factor of 26628?
False
Does 48 divide 8798?
False
Does 29 divide 78445?
True
Is 6947 a multiple of 11?
False
Does 16 divide 10113?
False
Does 2 divide 192?
True
Does 9 divide 303?
False
Is 621 a multiple of 27?
True
Is 39 a factor of 702?
True
Does 8 divide 1915?
False
Does 27 divide 1561?
False
Is 44 a factor of 132?
True
Is 50 a factor of 84?
False
Is 10472 a multiple of 68?
True
Is 18 a factor of 3347?
False
Is 2680 a multiple of 67?
True
Is 9900 a multiple of 20?
True
Is 65 a factor of 1085?
False
Is 27 a factor of 1512?
True
Is 7009 a multiple of 26?
False
Is 26 a factor of 832?
True
Is 8024 a multiple of 34?
True
Is 136 a factor of 6256?
True
Is 15 a factor of 720?
True
Does 83 divide 1388?
False
Is 48 a factor of 21312?
True
Does 32 divide 1472?
True
Is 1379 a multiple of 11?
False
Does 315 divide 26475?
False
Does 9 divide 4568?
False
Is 3 a factor of 32?
False
Is 7 a factor of 6012?
False
Is 4 a factor of 6804?
True
Is 9 a factor of 386?
False
Is 8661 a multiple of 29?
False
Is 46935 a multiple of 71?
False
Is 88 a factor of 20691?
False
Is 74 a factor of 9951?
False
Is 21 a factor of 378?
True
Does 39 divide 3783?
True
Does 52 divide 309?
False
Is 8246 a multiple of 14?
True
Is 6510 a multiple of 35?
True
Does 80 divide 882?
False
Is 4209 a multiple of 380?
False
Is 8 a factor of 2497?
False
Is 243 a factor of 3402?
True
Is 353 a multiple of 3?
False
Is 23 a factor of 270?
False
Is 13 a factor of 7847?
False
Is 4592 a multiple of 41?
True
Is 2337 a multiple of 19?
True
Is 8 a factor of 1106?
False
Does 35 divide 1085?
True
Is 10947 a multiple of 89?
True
Does 206 divide 12360?
True
Is 6 a factor of 3452?
False
Does 25 divide 646?
False
Is 1326 a multiple of 71?
False
Is 46 a factor of 18814?
True
Does 14 divide 56?
True
Is 30663 a multiple of 74?
False
Does 11 divide 5363?
False
Is 31 a factor of 13795?
True
Does 45 divide 15338?
False
Is 115 even?
False
Is 47570 a multiple of 71?
True
Is 56 a factor of 14560?
True
Is 34 a factor of 17340?
True
Is 49 a factor of 3626?
True
Is 17 a factor of 7089?
True
Does 5 divide 77?
False
Does 36 divide 72?
True
Does 5 divide 874?
False
Does 18 divide 3701?
False
Is 1143 a multiple of 3?
True
Is 40 a factor of 683?
False
Is 20917 a multiple of 13?
True
Is 9639 a multiple of 27?
True
Is 23 a factor of 6049?
True
Is 22 a factor of 613?
False
Is 55 a factor of 5830?
True
Is 6447 a multiple of 21?
True
Is 32576 a multiple of 206?
False
Is 10095 a multiple of 15?
True
Is 51 a factor of 1862?
False
Is 25 a factor of 875?
True
Is 19 a factor of 4750?
True
Is 22 a factor of 858?
True
Is 8 a factor of 2604?
False
Is 77 a multiple of 7?
True
Is 414 a multiple of 18?
True
Is 8 a factor of 2999?
False
Is 9 a factor of 3258?
True
Is 261 a multiple of 2?
False
Is 1500 a multiple of 12?
True
Is 28 a factor of 7168?
True
Is 36643 a multiple of 92?
False
Is 50 a factor of 1986?
False
Is 73 a factor of 104098?
True
Is 99 a factor of 29661?
False
Is 415 a multiple of 2?
False
Is 22792 a multiple of 7?
True
Does 11 divide 2440?
False
Does 35 divide 5530?
True
Is 1873 a multiple of 94?
False
Does 15 divide 30?
True
Is 2548 a multiple of 52?
True
Is 931 a multiple of 18?
False
Is 7 a factor of 195?
False
Is 8 a factor of 3781?
False
Does 19 divide 1748?
True
Is 1842 a multiple of 6?
True
Is 570 a multiple of 19?
True
Does 10 divide 7619?
False
Is 2715 a multiple of 181?
True
Is 39 a factor of 8853?
True
Is 10 a factor of 10755?
False
Does 2 divide 387?
False
Does 4 divide 108?
True
Does 22 divide 88?
True
Is 392 a multiple of 4?
True
Does 8 divide 384?
True
Is 96 a factor of 18432?
True
Is 1848 a multiple of 77?
True
Is 57 a multiple of 48?
False
Is 8 a factor of 12181?
False
Is 11 a factor of 10117?
False
Is 2670 a multiple of 5?
True
Is 5510 a multiple of 10?
True
Does 37 divide 1776?
True
Is 13 a factor of 9567?
False
Is 1118 a multiple of 26?
True
Does 47 divide 58036?
False
Is 14 a factor of 5335?
False
Is 1696 a multiple of 8?
True
Is 1456 a multiple of 26?
True
Is 51333 a multiple of 57?
False
Does 37 divide 3959?
True
Is 14190 a multiple of 110?
True
Does 11 divide 7319?
False
Does 9 divide 2610?
True
Is 24 a factor of 576?
True
Does 59 divide 694?
False
Is 18 a factor of 126?
True
Does 6 divide 18162?
True
Is 3 a factor of 138?
True
Is 4995 a multiple of 37?
True
Is 43 a factor of 5289?
True
Is 368 a multiple of 33?
False
Is 2 a factor of 13591?
False
Is 8 a factor of 88?
True
Does 6 divide 1190?
False
Does 42 divide 14498?
False
Does 11 divide 4763?
True
Does 71 divide 710?
True
Is 50 a factor of 200?
True
Does 8 divide 3272?
True
Is 77 a factor of 2179?
False
Is 725 a multiple of 3?
False
Does 43 divide 278?
False
Does 24 divide 24?
True
Is 511 a multiple of 6?
False
Is 20 a factor of 220?
True
Is 34 a factor of 1904?
True
Is 100 a factor of 834?
False
Is 1270 a multiple of 6?
False
Is 12946 a multiple of 4?
False
Does 10 divide 1990?
True
Is 1995 a multiple of 7?
True
Does 208 divide 83013?
False
Is 1018 a multiple of 25?
False
Is 4761 a multiple of 23?
True
Does 13 divide 22285?
False
Does 9 divide 684?
True
Does 57 divide 19209?
True
Does 16 divide 63901?
False
Is 18 a factor of 31086?
True
Is 7142 a multiple of 31?
False
Is 478 a multiple of 7?
False
Is 12 a factor of 81457?
False
Is 11704 a multiple of 28?
True
Is 378 a multiple of 3?
True
Is 121 a factor of 73810?
True
Is 128 a multiple of 11?
False
Is 5 a factor of 8317?
False
Is 50 a factor of 631?
False
Is 4914 a multiple of 78?
True
Is 10 a multiple of 10?
True
Does 12 divide 14024?
False
Is 80 a factor of 1118?
False
Is 882 a multiple of 21?
True
Is 1357 a multiple of 96?
False
Is 13 a factor of 433?
False
Is 32 a factor of 199?
False
Does 283 divide 44714?
True
Is 18 a factor of 1445?
False
Is 7 a factor of 11447?
False
Is 24 a factor of 384?
True
Does 31 divide 4836?
True
Does 109 divide 770?
False
Is 8 a factor of 7526?
False
Is 13 a factor of 468?
True
Does 7 divide 28?
True
Is 21 a factor of 5103?
True
Does 119 divide 30048?
False
Does 84 divide 924?
True
Is 468 a multiple of 39?
True
Is 102 a factor of 1283?
False
Is 6 a factor of 150?
True
Is 1548 a multiple of 129?
True
Does 5 divide 157?
False
Is 1521 a multiple of 13?
True
Does 86 divide 1118?
True
Is 6 a factor of 2969?
False
Does 82 divide 26849?
False
Does 29 divide 3961?
False
Is 1619 a multiple of 21?
False
Does 75 divide 3474?
False
Does 15 divide 225?
True
Is 11 a factor of 39150?
False
Is 49 a factor of 3110?
False
Does 22 divide 37200?
False
Is 58 a factor of 2097?
False
Is 26894 a multiple of 226?
True
Is 6246 a multiple of 51?
False
Is 4128 a multiple of 129?
True
Is 11 a factor of 112981?
True
Is 732 a multiple of 7?
False
Does 116 divide 2900?
True
Does 127 divide 6858?
True
Is 70 a multiple of 10?
True
Is 53644 a multiple of 6?
False
Is 68 a factor of 3321?
False
Does 96 divide 147?
False
Is 8 a factor of 72?
True
Is 102 a multiple of 17?
True
Is 51 a factor of 5735?
False
Is 26519 a multiple of 32?
False
Is 9 a factor of 333?
True
Is 4384 a multiple of 4?
True
Does 11 divide 550?
True
Is 14 a factor of 10300?
False
Is 12 even?
True
Is 16 a factor of 411?
False
Is 3328 a multiple of 104?
True
Is 14 a factor of 7989?
False
Does 19 divide 4446?
True
Is 21 a factor of 104?
False
Is 224 a multiple of 28?
True
Is 3495 a multiple of 113?
False
Is 504 a multiple of 13?
False
Is 15 a factor of 6000?
True
Is 92 a multiple of 23?
True
Is 2 a factor of 211?
False
Does 35 divide 2993?
False
Is 21 even?
False
Is 21113 a multiple of 65?
False
Is 2 a factor of 764?
True
Is 1742 a multiple of 65?
False
Is 25 a factor of 1385?
False
Does 5 divide 148?
False
Is 10039 a multiple o